{"id":17049,"date":"2024-11-02T16:12:27","date_gmt":"2024-11-02T16:12:27","guid":{"rendered":"https:\/\/www.importadoramundialferretera.com\/Inicio\/?post_type=product&#038;p=17049"},"modified":"2025-07-08T19:08:53","modified_gmt":"2025-07-08T19:08:53","slug":"manguera-plana-de-riego-azul-3%e2%80%b3","status":"publish","type":"product","link":"https:\/\/www.importadoramundialferretera.com\/Inicio\/product\/manguera-plana-de-riego-azul-3%e2%80%b3\/","title":{"rendered":"MANGUERA PLANA DE RIEGO AZUL 3\u2033"},"content":{"rendered":"<p><b>Construcci\u00f3n:\u00a0<\/b>Tubo y cubierta: PVC, azul, . Refuerzo: trenzado de poli\u00e9ster de alta resistencia<\/p>\n<p><strong>Aplicaci\u00f3n:<\/strong><br \/>\nLa manguera plana de PVC est\u00e1 dise\u00f1ada para aplicaciones de servicio liviano y pesado (<strong>no exceder las libras de preci\u00f3n indicadas<\/strong>), las mangueras se usan m\u00e1s com\u00fanmente en equipos agr\u00edcolas donde se requiere un flujo de agua continuo a trav\u00e9s del sistema de riego. Otras aplicaciones incluyen bombas de agua, piscinas y spa, construcci\u00f3n, minas y marinas.<br \/>\n<strong>Caracter\u00edsticas:<\/strong><br \/>\n\u2022 Peso ligero, buena flexibilidad.<br \/>\n\u2022 Resistente a la corrosi\u00f3n, antienvejecimiento.<br \/>\n\u2022 F\u00e1cil de manipular y almacenar.<br \/>\n\u2022 Varios colores disponibles.<br \/>\n\u2022 Ensamblajes y\/o longitudes personalizadas disponibles.<br \/>\n\u2022 No t\u00f3xico, sin olor<br \/>\n\u2022 Presi\u00f3n de rotura 3 veces la presi\u00f3n de trabajo. Temperatura: -10 \u00b0C (-50 \u00b0F) a + 60\u201dC (+ 140 )<\/p>\n","protected":false},"excerpt":{"rendered":"<p><strong>Aplicaci\u00f3n:<\/strong><br \/>\nLa manguera plana de PVC est\u00e1 dise\u00f1ada para aplicaciones de servicio liviano y pesado (<strong>no exceder las libras de preci\u00f3n indicadas<\/strong>), las mangueras se usan m\u00e1s com\u00fanmente en equipos agr\u00edcolas donde se requiere un flujo de agua continuo a trav\u00e9s del sistema de riego. Otras aplicaciones incluyen bombas de agua, piscinas y spa, construcci\u00f3n, minas y marinas.<\/p>\n","protected":false},"featured_media":17046,"comment_status":"open","ping_status":"closed","template":"","meta":{"_joinchat":[]},"product_brand":[],"product_cat":[127],"product_tag":[],"class_list":{"0":"post-17049","1":"product","2":"type-product","3":"status-publish","4":"has-post-thumbnail","6":"product_cat-mangueras","8":"first","9":"outofstock","10":"shipping-taxable","11":"purchasable","12":"product-type-simple","13":"add-to-wishlist-after_add_to_cart"},"_links":{"self":[{"href":"https:\/\/www.importadoramundialferretera.com\/Inicio\/wp-json\/wp\/v2\/product\/17049","targetHints":{"allow":["GET"]}}],"collection":[{"href":"https:\/\/www.importadoramundialferretera.com\/Inicio\/wp-json\/wp\/v2\/product"}],"about":[{"href":"https:\/\/www.importadoramundialferretera.com\/Inicio\/wp-json\/wp\/v2\/types\/product"}],"replies":[{"embeddable":true,"href":"https:\/\/www.importadoramundialferretera.com\/Inicio\/wp-json\/wp\/v2\/comments?post=17049"}],"version-history":[{"count":2,"href":"https:\/\/www.importadoramundialferretera.com\/Inicio\/wp-json\/wp\/v2\/product\/17049\/revisions"}],"predecessor-version":[{"id":17051,"href":"https:\/\/www.importadoramundialferretera.com\/Inicio\/wp-json\/wp\/v2\/product\/17049\/revisions\/17051"}],"wp:featuredmedia":[{"embeddable":true,"href":"https:\/\/www.importadoramundialferretera.com\/Inicio\/wp-json\/wp\/v2\/media\/17046"}],"wp:attachment":[{"href":"https:\/\/www.importadoramundialferretera.com\/Inicio\/wp-json\/wp\/v2\/media?parent=17049"}],"wp:term":[{"taxonomy":"product_brand","embeddable":true,"href":"https:\/\/www.importadoramundialferretera.com\/Inicio\/wp-json\/wp\/v2\/product_brand?post=17049"},{"taxonomy":"product_cat","embeddable":true,"href":"https:\/\/www.importadoramundialferretera.com\/Inicio\/wp-json\/wp\/v2\/product_cat?post=17049"},{"taxonomy":"product_tag","embeddable":true,"href":"https:\/\/www.importadoramundialferretera.com\/Inicio\/wp-json\/wp\/v2\/product_tag?post=17049"}],"curies":[{"name":"wp","href":"https:\/\/api.w.org\/{rel}","templated":true}]}}