{"id":16349,"date":"2024-09-18T18:59:52","date_gmt":"2024-09-18T18:59:52","guid":{"rendered":"https:\/\/www.importadoramundialferretera.com\/Inicio\/?post_type=product&#038;p=16349"},"modified":"2024-10-05T15:55:03","modified_gmt":"2024-10-05T15:55:03","slug":"motosierra-ms-661","status":"publish","type":"product","link":"https:\/\/www.importadoramundialferretera.com\/Inicio\/product\/motosierra-ms-661\/","title":{"rendered":"MOTOSIERRA MS 661"},"content":{"rendered":"<h2 class=\"m_product-specifications__headline\" data-test-id=\"pdp-specifications\">Detalles t\u00e9cnicos<\/h2>\n<div class=\"m_product-specifications__table\">\n<table data-test-id=\"pdp-spec-tech-table\">\n<tbody>\n<tr>\n<td>Longitud de la espada<\/td>\n<td>75-90 cm<\/td>\n<\/tr>\n<tr>\n<td>Cilindrada<\/td>\n<td>91,1 cm\u00b3<\/td>\n<\/tr>\n<tr>\n<td>Potencia<\/td>\n<td>5,4 kW<\/td>\n<\/tr>\n<tr>\n<td>Potencia<\/td>\n<td>7,3 PS<\/td>\n<\/tr>\n<tr>\n<td>Potencia<\/td>\n<td>7,2 bhp<\/td>\n<\/tr>\n<\/tbody>\n<\/table>\n<\/div>\n","protected":false},"excerpt":{"rendered":"<h2 class=\"product-details__title\">MS 661<\/h2>\n<div class=\"product-details__description richtexteditor\">Motosierra de alto rendimiento con la m\u00e1s moderna tecnolog\u00eda 2-MIX. Buena relaci\u00f3n peso-potencia y sistema antivibraci\u00f3n STIHL con menos de vibraciones que su predecesor. Con sistema de filtro de aire de alta duraci\u00f3n, captor de cadena de rodillo, tuercas de tapaespada imperdibles, v\u00e1lvula de descompresi\u00f3n, STIHL Elastostart, compensador. Una gran opci\u00f3n para los trabajos forestales m\u00e1s exigentes.<\/div>\n","protected":false},"featured_media":16318,"comment_status":"open","ping_status":"closed","template":"","meta":{"_joinchat":[]},"product_brand":[],"product_cat":[114,183,62],"product_tag":[],"class_list":{"0":"post-16349","1":"product","2":"type-product","3":"status-publish","4":"has-post-thumbnail","6":"product_cat-motosierra-gasolina","7":"product_cat-motosierras","8":"product_cat-stihl","10":"first","11":"instock","12":"shipping-taxable","13":"product-type-simple","14":"add-to-wishlist-after_add_to_cart"},"_links":{"self":[{"href":"https:\/\/www.importadoramundialferretera.com\/Inicio\/wp-json\/wp\/v2\/product\/16349","targetHints":{"allow":["GET"]}}],"collection":[{"href":"https:\/\/www.importadoramundialferretera.com\/Inicio\/wp-json\/wp\/v2\/product"}],"about":[{"href":"https:\/\/www.importadoramundialferretera.com\/Inicio\/wp-json\/wp\/v2\/types\/product"}],"replies":[{"embeddable":true,"href":"https:\/\/www.importadoramundialferretera.com\/Inicio\/wp-json\/wp\/v2\/comments?post=16349"}],"version-history":[{"count":2,"href":"https:\/\/www.importadoramundialferretera.com\/Inicio\/wp-json\/wp\/v2\/product\/16349\/revisions"}],"predecessor-version":[{"id":16917,"href":"https:\/\/www.importadoramundialferretera.com\/Inicio\/wp-json\/wp\/v2\/product\/16349\/revisions\/16917"}],"wp:featuredmedia":[{"embeddable":true,"href":"https:\/\/www.importadoramundialferretera.com\/Inicio\/wp-json\/wp\/v2\/media\/16318"}],"wp:attachment":[{"href":"https:\/\/www.importadoramundialferretera.com\/Inicio\/wp-json\/wp\/v2\/media?parent=16349"}],"wp:term":[{"taxonomy":"product_brand","embeddable":true,"href":"https:\/\/www.importadoramundialferretera.com\/Inicio\/wp-json\/wp\/v2\/product_brand?post=16349"},{"taxonomy":"product_cat","embeddable":true,"href":"https:\/\/www.importadoramundialferretera.com\/Inicio\/wp-json\/wp\/v2\/product_cat?post=16349"},{"taxonomy":"product_tag","embeddable":true,"href":"https:\/\/www.importadoramundialferretera.com\/Inicio\/wp-json\/wp\/v2\/product_tag?post=16349"}],"curies":[{"name":"wp","href":"https:\/\/api.w.org\/{rel}","templated":true}]}}