{"id":15321,"date":"2024-08-27T15:49:56","date_gmt":"2024-08-27T15:49:56","guid":{"rendered":"https:\/\/www.importadoramundialferretera.com\/Inicio\/?post_type=product&#038;p=15321"},"modified":"2024-08-27T15:49:57","modified_gmt":"2024-08-27T15:49:57","slug":"mse-210-c","status":"publish","type":"product","link":"https:\/\/www.importadoramundialferretera.com\/Inicio\/product\/mse-210-c\/","title":{"rendered":"MSE 210 C"},"content":{"rendered":"<p>120 Voltios, 1.8 KW\/2.41 HP, 4,6 Kg*.<br \/>\nMotosierra el\u00e9ctrica con gran rendimiento de corte y ergon\u00f3mica para un trabajo con menos esfuerzo. Tensado<br \/>\nr\u00e1pido de cadena para efectuar el tensado de forma f\u00e1cil, r\u00e1pida\u00a0y segura sin herramientas, empu\u00f1adura blanda para<br \/>\ntrabajar con comodidad, freno de cadena Quick Stop Super, cierre sin herramientas del dep\u00f3sito para llenarlo de modo<br \/>\nf\u00e1cil y seguro con aceite lubricante de cadena. Protecci\u00f3n de sobrecarga. <strong>Longitud de corte:<\/strong> 30 &#8211; 45 cm<\/p>\n","protected":false},"excerpt":{"rendered":"<p>Longitud de la espada 40 cm<br \/>\nTensi\u00f3n nominal 120 V<br \/>\nConsumo de potencia 1,8 kW<br \/>\nPeso 4,6 kg<br \/>\nNivel de presi\u00f3n sonora 93 dB(A)<\/p>\n","protected":false},"featured_media":15138,"comment_status":"open","ping_status":"closed","template":"","meta":{"_joinchat":[]},"product_brand":[],"product_cat":[113],"product_tag":[201],"class_list":{"0":"post-15321","1":"product","2":"type-product","3":"status-publish","4":"has-post-thumbnail","6":"product_cat-motosierras-electricas","7":"product_tag-mse-210-c","9":"first","10":"instock","11":"shipping-taxable","12":"product-type-simple","13":"add-to-wishlist-after_add_to_cart"},"_links":{"self":[{"href":"https:\/\/www.importadoramundialferretera.com\/Inicio\/wp-json\/wp\/v2\/product\/15321","targetHints":{"allow":["GET"]}}],"collection":[{"href":"https:\/\/www.importadoramundialferretera.com\/Inicio\/wp-json\/wp\/v2\/product"}],"about":[{"href":"https:\/\/www.importadoramundialferretera.com\/Inicio\/wp-json\/wp\/v2\/types\/product"}],"replies":[{"embeddable":true,"href":"https:\/\/www.importadoramundialferretera.com\/Inicio\/wp-json\/wp\/v2\/comments?post=15321"}],"version-history":[{"count":1,"href":"https:\/\/www.importadoramundialferretera.com\/Inicio\/wp-json\/wp\/v2\/product\/15321\/revisions"}],"predecessor-version":[{"id":15322,"href":"https:\/\/www.importadoramundialferretera.com\/Inicio\/wp-json\/wp\/v2\/product\/15321\/revisions\/15322"}],"wp:featuredmedia":[{"embeddable":true,"href":"https:\/\/www.importadoramundialferretera.com\/Inicio\/wp-json\/wp\/v2\/media\/15138"}],"wp:attachment":[{"href":"https:\/\/www.importadoramundialferretera.com\/Inicio\/wp-json\/wp\/v2\/media?parent=15321"}],"wp:term":[{"taxonomy":"product_brand","embeddable":true,"href":"https:\/\/www.importadoramundialferretera.com\/Inicio\/wp-json\/wp\/v2\/product_brand?post=15321"},{"taxonomy":"product_cat","embeddable":true,"href":"https:\/\/www.importadoramundialferretera.com\/Inicio\/wp-json\/wp\/v2\/product_cat?post=15321"},{"taxonomy":"product_tag","embeddable":true,"href":"https:\/\/www.importadoramundialferretera.com\/Inicio\/wp-json\/wp\/v2\/product_tag?post=15321"}],"curies":[{"name":"wp","href":"https:\/\/api.w.org\/{rel}","templated":true}]}}