{"id":14984,"date":"2024-08-03T17:39:00","date_gmt":"2024-08-03T17:39:00","guid":{"rendered":"https:\/\/www.importadoramundialferretera.com\/Inicio\/?post_type=product&#038;p=14984"},"modified":"2024-08-24T17:32:21","modified_gmt":"2024-08-24T17:32:21","slug":"fs-250","status":"publish","type":"product","link":"https:\/\/www.importadoramundialferretera.com\/Inicio\/product\/fs-250\/","title":{"rendered":"FS 250"},"content":{"rendered":"<p>Cilindrada 40,2 cm\u00b3<br \/>\nPotencia 1,6 kW<br \/>\nPotencia 2,2 PS<br \/>\nPotencia 2,1 bhp<br \/>\nPeso 6,3 kg 1)<\/p>\n","protected":false},"excerpt":{"rendered":"<h5 class=\"product-details__title\">Potente guada\u00f1a con 2,2 CV:\u00a0Para trabajos de siega exigentes y de gran tama\u00f1o. Sistema antivibraci\u00f3n STIHL de 1 punto, STIHL ElastoStart, mango multifunci\u00f3n, manillar tipo ciclista, ajuste del mango sin herramientas.<\/h5>\n","protected":false},"featured_media":14975,"comment_status":"open","ping_status":"closed","template":"","meta":{"_joinchat":[]},"product_brand":[],"product_cat":[94,62],"product_tag":[100],"class_list":{"0":"post-14984","1":"product","2":"type-product","3":"status-publish","4":"has-post-thumbnail","6":"product_cat-guadanas-stihll","7":"product_cat-stihl","8":"product_tag-guadana-fs-250","10":"first","11":"instock","12":"shipping-taxable","13":"product-type-simple","14":"add-to-wishlist-after_add_to_cart"},"_links":{"self":[{"href":"https:\/\/www.importadoramundialferretera.com\/Inicio\/wp-json\/wp\/v2\/product\/14984","targetHints":{"allow":["GET"]}}],"collection":[{"href":"https:\/\/www.importadoramundialferretera.com\/Inicio\/wp-json\/wp\/v2\/product"}],"about":[{"href":"https:\/\/www.importadoramundialferretera.com\/Inicio\/wp-json\/wp\/v2\/types\/product"}],"replies":[{"embeddable":true,"href":"https:\/\/www.importadoramundialferretera.com\/Inicio\/wp-json\/wp\/v2\/comments?post=14984"}],"version-history":[{"count":1,"href":"https:\/\/www.importadoramundialferretera.com\/Inicio\/wp-json\/wp\/v2\/product\/14984\/revisions"}],"predecessor-version":[{"id":14985,"href":"https:\/\/www.importadoramundialferretera.com\/Inicio\/wp-json\/wp\/v2\/product\/14984\/revisions\/14985"}],"wp:featuredmedia":[{"embeddable":true,"href":"https:\/\/www.importadoramundialferretera.com\/Inicio\/wp-json\/wp\/v2\/media\/14975"}],"wp:attachment":[{"href":"https:\/\/www.importadoramundialferretera.com\/Inicio\/wp-json\/wp\/v2\/media?parent=14984"}],"wp:term":[{"taxonomy":"product_brand","embeddable":true,"href":"https:\/\/www.importadoramundialferretera.com\/Inicio\/wp-json\/wp\/v2\/product_brand?post=14984"},{"taxonomy":"product_cat","embeddable":true,"href":"https:\/\/www.importadoramundialferretera.com\/Inicio\/wp-json\/wp\/v2\/product_cat?post=14984"},{"taxonomy":"product_tag","embeddable":true,"href":"https:\/\/www.importadoramundialferretera.com\/Inicio\/wp-json\/wp\/v2\/product_tag?post=14984"}],"curies":[{"name":"wp","href":"https:\/\/api.w.org\/{rel}","templated":true}]}}